{"id":126,"date":"2017-04-18T09:59:20","date_gmt":"2017-04-18T09:59:20","guid":{"rendered":"http:\/\/bestgdl.com\/eng\/?page_id=126"},"modified":"2024-05-13T17:43:03","modified_gmt":"2024-05-13T17:43:03","slug":"our-company","status":"publish","type":"page","link":"https:\/\/bestgdl.com\/eng\/our-company\/","title":{"rendered":"Our Company"},"content":{"rendered":"<p>[vc_row][vc_column][vc_images_carousel images=&#8221;951,950,952&#8243; img_size=&#8221;full&#8221; onclick=&#8221;link_no&#8221; autoplay=&#8221;yes&#8221; wrap=&#8221;yes&#8221;]\n\n    <main\n            class=\"page-header-3 \"  >\n        <div class=\"container\">\n            <div class=\"row\">\n                <div class=\"col-md-3\">\n                    <div class=\"title-hr\"><\/div>\n                <\/div>\n                <div class=\"col-md-8 col-lg-6\"><h1>Company Profile<\/h1><\/div>\n            <\/div>\n        <\/div>\n    <\/main>\n\t\n\n    <section\n            class=\"section about-info   \"  >\n        <div class=\"container\">\n            <div class=\"row\">\n                <div class=\"col-md-3\">\n                    <div class=\"section-info\">\n                        <div class=\"title-hr\"><\/div>\n                        <div class=\"info-title\">Company Profile<\/div>\n                    <\/div>\n                <\/div>\n                <div class=\"col-md-9\">\n                    <div class=\"text-display-1\">\n                        <p>\n\t\t\t\t\t\t\t<strong>REALISTIC AND EFFICIENT SOLUTIONS IN STRUCTURAL ENGINEERING<br \/>\n<\/strong><\/p>\n<div class=\"textonormal\">\n<p style=\"font-weight: 400;\"><strong>In BEST we specialize in providing advanced Structural Engineering services.<\/strong> We understand that providing safety to occupants, buildings and investments is a priority, but always considering that solutions must be timely and highly efficient, therefore generating successful projects in this very competitive environment.<\/p>\n<p style=\"font-weight: 400;\">We have <strong>over 2 decades of experience, technical capacities and sensibility, and we offer a close and excellent service<\/strong>, therefore consolidating our firm as leaders in the field. The complete satisfaction of our clients and final users of our designs is the main goal of our daily work.<\/p>\n<\/div>\n<p>\n\n                    <\/div>\n                <\/div>\n            <\/div>\n        <\/div>\n    <\/section>\n\n\t\n\n    <section\n            class=\"section bg-dots  \"  >\n        <div class=\"container\">\n            <div class=\"row\">\n                <div class=\"col-md-3\">\n                    <div class=\"section-info\">\n                        <div class=\"title-hr\"><\/div>\n                        <div class=\"info-title\">Specialty areas<\/div>\n                    <\/div>\n                <\/div>\n                <div class=\"col-md-9\">\n                    <div class=\"row-services row\">\n\t\t\t\t\t\t\n                                <div class=\"col-service col-sm-6 col-lg-4\">\n\t\t\t\t\t\t\t\t\t<span class=\"text-dark icon-medium  icon ion-social-buffer  \"><\/span>\n                                    <h4>CORE BUSINESS<\/h4>\n                                    <p>\u2014 Reinforced concrete <\/br>\n\u2014 Prestressed concrete <\/br>\n\u2014 Steel structures <\/br>\n\u2014 Mixed structures <\/br>\n\u2014 Masonry <\/br>\n\u2014 Mechanically stabilized walls <\/br>\n\u2014 Tilt Up walls <\/br>\n\u2014 Precast structures <\/br><\/p>\n                                <\/div>\n\n\t\t\t\t\t\t\t\n                                <div class=\"col-service col-sm-6 col-lg-4\">\n\t\t\t\t\t\t\t\t\t<span class=\"text-dark icon-medium  icon-medium icon-apartment  \"><\/span>\n                                    <h4>SUPPLEMENTARY SERVICES<\/h4>\n                                    <p>\u2014 Revit <\/br>\n\u2014 Reports and expert opinions <\/br>\n\u2014 Bills of quantities <\/br>\n\u2014 Advisory for crane selection <\/br>\n\u2014 Shoring studies <\/br><\/p>\n                                <\/div>\n\n\t\t\t\t\t\t\t\n                                <div class=\"col-service col-sm-6 col-lg-4\">\n\t\t\t\t\t\t\t\t\t<span class=\"text-dark icon-medium  icon ion-ios-medical  \"><\/span>\n                                    <h4>All our projects area backed by a Global Professional Liability Policy<\/h4>\n                                    <p><\/p>\n                                <\/div>\n\n\t\t\t\t\t\t\t\n\n                    <\/div>\n                <\/div>\n            <\/div>\n            <section class=\"section pb-0\">\n                <div class=\"row\">\n\t\t\t\t\t                <\/div>\n            <\/section>\n        <\/div>\n    <\/section>\n\t\n\n    <section\n            class=\"section about-info   \"  >\n        <div class=\"container\">\n            <div class=\"row\">\n                <div class=\"col-md-3\">\n                    <div class=\"section-info\">\n                        <div class=\"title-hr\"><\/div>\n                        <div class=\"info-title\">Awards<\/div>\n                    <\/div>\n                <\/div>\n                <div class=\"col-md-9\">\n                    <div class=\"text-display-1\">\n                        <p>\n\t\t\t\t\t\t\t<\/p>\n<ul class=\"ul1 s3\">\n<li class=\"li1\"><span class=\"s2\">Andr\u00e9s Velasco. Engineer of the Year 2011, by Uni\u00f3n Nacional de Asociaciones de Ingenieros. <\/span><\/li>\n<li class=\"li1\"><span class=\"s2\">Liebermann Award, to Grupo Casgo for the design and execution of post stressed concrete structure at Gran Sur shopping mall, M\u00e9xico City. <\/span><\/li>\n<li class=\"li1\"><span class=\"s2\">Cemex Award, for structural design of Villa de los Ni\u00f1os, in collaboration with TADE.<\/span><\/li>\n<li class=\"li1\"><span class=\"s2\">Cemex Award finalist for Nodo Urbano Plaza Col\u00f3n project, in collaboration with Ib\u00e1\u00f1ez Arquitectos, S.C.<\/span><\/li>\n<\/ul>\n<p>\n\n                    <\/div>\n                <\/div>\n            <\/div>\n        <\/div>\n    <\/section>\n\n\t\n\n    <section\n            class=\"section  \"  >\n        <div class=\"container\">\n            <div class=\"row\">\n                <div class=\"col-md-3\">\n                    <div class=\"section-info\">\n                        <div class=\"title-hr\"><\/div>\n                        <div class=\"info-title\">Get to know us<\/div>\n                    <\/div>\n                <\/div>\n                <div class=\"col-md-9\">\n                    <div class=\"row-team row\">\n\t\t\t\t\t\t                                <div class=\"col-team col-xs-6 col-md-4\">\n                                    <div class=\"team-profile\">\n\t\t\t\t\t\t\t\t\t\t    <img decoding=\"async\" alt=\"\"\n                                                                               src=\"https:\/\/bestgdl.com\/eng\/wp-content\/uploads\/2018\/02\/pfv_3775-e.jpg\">                                         <div class=\"team-hover\">\n                                            <div class=\"team-content\">\n                                                <div class=\"team-name\">\n                                                    <h6>Andr\u00e9s Velasco<\/h6>\n                                                    <div class=\"team-spec\">Chief Executive\n\t\t\t\t\t\t\t\t\t\t\t\t\t\t                                                            <br>\n                                                            <a style=\"color: black; text-decoration: underline;\" href=\"mailto:a&#118;el&#97;&#115;c&#111;&#64;&#98;&#101;&#115;&#116;g&#100;l.&#99;o&#109;\">&#97;v&#101;l&#97;s&#99;&#111;&#64;bestgdl.&#99;&#111;&#109;<\/a>\n\t\t\t\t\t\t\t\t\t\t\t\t\t\t                                                    <\/div>\n                                                <\/div>\n                                                <div class=\"team-social\">\n\t\t\t\t\t\t\t\t\t\t\t\t\t                                                            <a href=\"https:\/\/www.linkedin.com\/in\/andr%C3%A9s-velasco-gonz%C3%A1lez-04b7348\/\" class=\"icon  icon ion-social-linkedin\"><\/a>\n\t\t\t\t\t\t\t\t\t\t\t\t\t\t                                                <\/div>\n                                            <\/div>\n                                        <\/div>\n                                    <\/div>\n                                <\/div>\n\t\t\t\t\t\t\t                                <div class=\"col-team col-xs-6 col-md-4\">\n                                    <div class=\"team-profile\">\n\t\t\t\t\t\t\t\t\t\t    <img decoding=\"async\" alt=\"\"\n                                                                               src=\"https:\/\/bestgdl.com\/eng\/wp-content\/uploads\/2018\/02\/pfv_3778-e.jpg\">                                         <div class=\"team-hover\">\n                                            <div class=\"team-content\">\n                                                <div class=\"team-name\">\n                                                    <h6>Omar Arturo Haro<\/h6>\n                                                    <div class=\"team-spec\">Chief Operating Officer\n\t\t\t\t\t\t\t\t\t\t\t\t\t\t                                                            <br>\n                                                            <a style=\"color: black; text-decoration: underline;\" href=\"mailto:&#111;h&#97;&#114;&#111;&#64;b&#101;stgd&#108;.com\">&#111;h&#97;ro&#64;b&#101;stg&#100;&#108;.co&#109;<\/a>\n\t\t\t\t\t\t\t\t\t\t\t\t\t\t                                                    <\/div>\n                                                <\/div>\n                                                <div class=\"team-social\">\n\t\t\t\t\t\t\t\t\t\t\t\t\t                                                            <a href=\"https:\/\/www.linkedin.com\/in\/omar-haro-de-la-pe%C3%B1a-57a56043\/\" class=\"icon  icon ion-social-linkedin\"><\/a>\n\t\t\t\t\t\t\t\t\t\t\t\t\t\t                                                <\/div>\n                                            <\/div>\n                                        <\/div>\n                                    <\/div>\n                                <\/div>\n\t\t\t\t\t\t\t\n                        <div class=\"col-team col-xs-6 col-md-4\">\n                            <div class=\"add-new-team\">\n                                <div class=\"add-new-text\">\n                                    <div class=\"inner\">\n\n\t\t\t\t\t\t\t\t\t\tUpload your CV\n                                    <\/div>\n\n\n                                <\/div>\n\n                                <form method=\"post\" enctype=\"multipart\/form-data\">\n                                    <input class=\"bauhaus_upload_file\" type=\"file\">\n                                <\/form>\n                            <\/div>\n\n                        <\/div>\n                    <\/div>\n                <\/div>\n            <\/div>\n        <\/div>\n    <\/section>\n\n\t[\/vc_column][\/vc_row]<\/p>\n","protected":false},"excerpt":{"rendered":"<p>[\/vc_row]<\/p>\n","protected":false},"author":1,"featured_media":0,"parent":0,"menu_order":0,"comment_status":"closed","ping_status":"closed","template":"template-contacts.php","meta":{"footnotes":""},"_links":{"self":[{"href":"https:\/\/bestgdl.com\/eng\/wp-json\/wp\/v2\/pages\/126"}],"collection":[{"href":"https:\/\/bestgdl.com\/eng\/wp-json\/wp\/v2\/pages"}],"about":[{"href":"https:\/\/bestgdl.com\/eng\/wp-json\/wp\/v2\/types\/page"}],"author":[{"embeddable":true,"href":"https:\/\/bestgdl.com\/eng\/wp-json\/wp\/v2\/users\/1"}],"replies":[{"embeddable":true,"href":"https:\/\/bestgdl.com\/eng\/wp-json\/wp\/v2\/comments?post=126"}],"version-history":[{"count":65,"href":"https:\/\/bestgdl.com\/eng\/wp-json\/wp\/v2\/pages\/126\/revisions"}],"predecessor-version":[{"id":1387,"href":"https:\/\/bestgdl.com\/eng\/wp-json\/wp\/v2\/pages\/126\/revisions\/1387"}],"wp:attachment":[{"href":"https:\/\/bestgdl.com\/eng\/wp-json\/wp\/v2\/media?parent=126"}],"curies":[{"name":"wp","href":"https:\/\/api.w.org\/{rel}","templated":true}]}}